[INFO] cloning repository https://github.com/danielobrien/advent-of-code
[INFO] running `Command { std: "git" "-c" "credential.helper=" "-c" "credential.helper=/workspace/cargo-home/bin/git-credential-null" "clone" "--bare" "https://github.com/danielobrien/advent-of-code" "/workspace/cache/git-repos/https%3A%2F%2Fgithub.com%2Fdanielobrien%2Fadvent-of-code", kill_on_drop: false }`
[INFO] [stderr] Cloning into bare repository '/workspace/cache/git-repos/https%3A%2F%2Fgithub.com%2Fdanielobrien%2Fadvent-of-code'...
[INFO] running `Command { std: "git" "rev-parse" "HEAD", kill_on_drop: false }`
[INFO] [stdout] 94d8d3d5f3103c7b63b24f646713db55e2a89f01
[INFO] checking danielobrien/advent-of-code against master#af3c6e733a40e671550e0f0f5aeecaa13772ba56 for pr-74989
[INFO] running `Command { std: "git" "clone" "/workspace/cache/git-repos/https%3A%2F%2Fgithub.com%2Fdanielobrien%2Fadvent-of-code" "/workspace/builds/worker-9/source", kill_on_drop: false }`
[INFO] [stderr] Cloning into '/workspace/builds/worker-9/source'...
[INFO] [stderr] done.
[INFO] validating manifest of git repo https://github.com/danielobrien/advent-of-code on toolchain af3c6e733a40e671550e0f0f5aeecaa13772ba56
[INFO] running `Command { std: "/workspace/cargo-home/bin/cargo" "+af3c6e733a40e671550e0f0f5aeecaa13772ba56" "read-manifest" "--manifest-path" "Cargo.toml", kill_on_drop: false }`
[INFO] started tweaking git repo https://github.com/danielobrien/advent-of-code
[INFO] finished tweaking git repo https://github.com/danielobrien/advent-of-code
[INFO] tweaked toml for git repo https://github.com/danielobrien/advent-of-code written to /workspace/builds/worker-9/source/Cargo.toml
[INFO] crate git repo https://github.com/danielobrien/advent-of-code already has a lockfile, it will not be regenerated
[INFO] running `Command { std: "/workspace/cargo-home/bin/cargo" "+af3c6e733a40e671550e0f0f5aeecaa13772ba56" "fetch" "--locked" "--manifest-path" "Cargo.toml", kill_on_drop: false }`
[INFO] [stderr] error: the lock file /workspace/builds/worker-9/source/Cargo.lock needs to be updated but --locked was passed to prevent this
[INFO] [stderr] If you want to try to generate the lock file without accessing the network, use the --offline flag.
[INFO] the lockfile is outdated, regenerating it
[INFO] running `Command { std: "/workspace/cargo-home/bin/cargo" "+af3c6e733a40e671550e0f0f5aeecaa13772ba56" "generate-lockfile" "--manifest-path" "Cargo.toml" "-Zno-index-update", kill_on_drop: false }`
[INFO] running `Command { std: "/workspace/cargo-home/bin/cargo" "+af3c6e733a40e671550e0f0f5aeecaa13772ba56" "fetch" "--locked" "--manifest-path" "Cargo.toml", kill_on_drop: false }`
[INFO] running `Command { std: "docker" "create" "-v" "/var/lib/crater-agent-workspace/builds/worker-9/target:/opt/rustwide/target:rw,Z" "-v" "/var/lib/crater-agent-workspace/builds/worker-9/source:/opt/rustwide/workdir:ro,Z" "-v" "/var/lib/crater-agent-workspace/cargo-home:/opt/rustwide/cargo-home:ro,Z" "-v" "/var/lib/crater-agent-workspace/rustup-home:/opt/rustwide/rustup-home:ro,Z" "-e" "SOURCE_DIR=/opt/rustwide/workdir" "-e" "CARGO_TARGET_DIR=/opt/rustwide/target" "-e" "CARGO_HOME=/opt/rustwide/cargo-home" "-e" "RUSTUP_HOME=/opt/rustwide/rustup-home" "-w" "/opt/rustwide/workdir" "-m" "1610612736" "--user" "0:0" "--network" "none" "rustops/crates-build-env@sha256:d92eaeed33fa75130ca1ee6c8a01d1ffb62bac859dfdfb3450e3e5d1c0146529" "/opt/rustwide/cargo-home/bin/cargo" "+af3c6e733a40e671550e0f0f5aeecaa13772ba56" "metadata" "--no-deps" "--format-version=1", kill_on_drop: false }`
[INFO] [stdout] 6ae018265e0e1b31086b4a591b5d8d108f50e3e37092bccf7749008f575b6719
[INFO] [stderr] WARNING: Your kernel does not support swap limit capabilities or the cgroup is not mounted. Memory limited without swap.
[INFO] running `Command { std: "docker" "start" "-a" "6ae018265e0e1b31086b4a591b5d8d108f50e3e37092bccf7749008f575b6719", kill_on_drop: false }`
[INFO] running `Command { std: "docker" "inspect" "6ae018265e0e1b31086b4a591b5d8d108f50e3e37092bccf7749008f575b6719", kill_on_drop: false }`
[INFO] running `Command { std: "docker" "rm" "-f" "6ae018265e0e1b31086b4a591b5d8d108f50e3e37092bccf7749008f575b6719", kill_on_drop: false }`
[INFO] [stdout] 6ae018265e0e1b31086b4a591b5d8d108f50e3e37092bccf7749008f575b6719
[INFO] running `Command { std: "docker" "create" "-v" "/var/lib/crater-agent-workspace/builds/worker-9/target:/opt/rustwide/target:rw,Z" "-v" "/var/lib/crater-agent-workspace/builds/worker-9/source:/opt/rustwide/workdir:ro,Z" "-v" "/var/lib/crater-agent-workspace/cargo-home:/opt/rustwide/cargo-home:ro,Z" "-v" "/var/lib/crater-agent-workspace/rustup-home:/opt/rustwide/rustup-home:ro,Z" "-e" "SOURCE_DIR=/opt/rustwide/workdir" "-e" "CARGO_TARGET_DIR=/opt/rustwide/target" "-e" "CARGO_INCREMENTAL=0" "-e" "RUST_BACKTRACE=full" "-e" "RUSTFLAGS=--cap-lints=forbid" "-e" "CARGO_HOME=/opt/rustwide/cargo-home" "-e" "RUSTUP_HOME=/opt/rustwide/rustup-home" "-w" "/opt/rustwide/workdir" "-m" "1610612736" "--user" "0:0" "--network" "none" "rustops/crates-build-env@sha256:d92eaeed33fa75130ca1ee6c8a01d1ffb62bac859dfdfb3450e3e5d1c0146529" "/opt/rustwide/cargo-home/bin/cargo" "+af3c6e733a40e671550e0f0f5aeecaa13772ba56" "check" "--frozen" "--all" "--all-targets" "--message-format=json", kill_on_drop: false }`
[INFO] [stdout] a8766f5fed8fee6e8cd796803a3e45b33b0f6c64a45e532437f415f410ee4f07
[INFO] [stderr] WARNING: Your kernel does not support swap limit capabilities or the cgroup is not mounted. Memory limited without swap.
[INFO] running `Command { std: "docker" "start" "-a" "a8766f5fed8fee6e8cd796803a3e45b33b0f6c64a45e532437f415f410ee4f07", kill_on_drop: false }`
[INFO] [stderr]     Checking md5 v0.1.1
[INFO] [stderr]    Compiling num-traits v0.2.12
[INFO] [stderr]    Compiling num-integer v0.1.43
[INFO] [stderr]    Compiling num-iter v0.1.41
[INFO] [stderr]     Checking rand v0.4.6
[INFO] [stderr]     Checking num-complex v0.1.43
[INFO] [stderr]     Checking num-bigint v0.1.44
[INFO] [stderr]     Checking num-rational v0.1.42
[INFO] [stderr]     Checking num v0.1.42
[INFO] [stderr]     Checking serde v0.6.15
[INFO] [stderr]     Checking serde_json v0.6.1
[INFO] [stderr]     Checking advent-of-code v1.0.0 (/opt/rustwide/workdir)
[INFO] [stdout] warning: unused import: `self::num::bigint::BigInt`
[INFO] [stdout]   --> src/aoc2015/day25.rs:48:5
[INFO] [stdout]    |
[INFO] [stdout] 48 | use self::num::bigint::BigInt;
[INFO] [stdout]    |     ^^^^^^^^^^^^^^^^^^^^^^^^^
[INFO] [stdout]    |
[INFO] [stdout]    = note: `#[warn(unused_imports)]` on by default
[INFO] [stdout] 
[INFO] [stdout] 
[INFO] [stdout] warning: unused import: `self::num::bigint::BigInt`
[INFO] [stdout]   --> src/aoc2015/day25.rs:48:5
[INFO] [stdout]    |
[INFO] [stdout] 48 | use self::num::bigint::BigInt;
[INFO] [stdout]    |     ^^^^^^^^^^^^^^^^^^^^^^^^^
[INFO] [stdout]    |
[INFO] [stdout]    = note: `#[warn(unused_imports)]` on by default
[INFO] [stdout] 
[INFO] [stdout] 
[INFO] [stdout] error[E0614]: type `[bool; 10000]` cannot be dereferenced
[INFO] [stdout]    --> src/aoc2015/day18.rs:101:20
[INFO] [stdout]     |
[INFO] [stdout] 101 |     let mut grid = *starting_grid.clone();
[INFO] [stdout]     |                    ^^^^^^^^^^^^^^^^^^^^^^
[INFO] [stdout] 
[INFO] [stdout] 
[INFO] [stdout] error[E0282]: type annotations needed
[INFO] [stdout]   --> src/aoc2015/day25.rs:70:13
[INFO] [stdout]    |
[INFO] [stdout] 70 |         let multiplier = FromPrimitive::from_u64(252533).unwrap();
[INFO] [stdout]    |             ^^^^^^^^^^ consider giving `multiplier` a type
[INFO] [stdout] 
[INFO] [stdout] 
[INFO] [stdout] error: aborting due to 2 previous errors; 1 warning emitted
[INFO] [stdout] 
[INFO] [stdout] 
[INFO] [stdout] Some errors have detailed explanations: E0282, E0614.
[INFO] [stdout] 
[INFO] [stdout] For more information about an error, try `rustc --explain E0282`.
[INFO] [stdout] 
[INFO] [stdout] error[E0614]: type `[bool; 10000]` cannot be dereferenced
[INFO] [stdout]    --> src/aoc2015/day18.rs:101:20
[INFO] [stdout]     |
[INFO] [stdout] 101 |     let mut grid = *starting_grid.clone();
[INFO] [stdout]     |                    ^^^^^^^^^^^^^^^^^^^^^^
[INFO] [stdout] 
[INFO] [stdout] 
[INFO] [stderr] error: could not compile `advent-of-code`.
[INFO] [stderr] 
[INFO] [stderr] To learn more, run the command again with --verbose.
[INFO] [stderr] warning: build failed, waiting for other jobs to finish...
[INFO] [stdout] error[E0282]: type annotations needed
[INFO] [stdout]   --> src/aoc2015/day25.rs:70:13
[INFO] [stdout]    |
[INFO] [stdout] 70 |         let multiplier = FromPrimitive::from_u64(252533).unwrap();
[INFO] [stdout]    |             ^^^^^^^^^^ consider giving `multiplier` a type
[INFO] [stdout] 
[INFO] [stdout] 
[INFO] [stdout] error: aborting due to 2 previous errors; 1 warning emitted
[INFO] [stdout] 
[INFO] [stdout] 
[INFO] [stdout] Some errors have detailed explanations: E0282, E0614.
[INFO] [stdout] 
[INFO] [stdout] For more information about an error, try `rustc --explain E0282`.
[INFO] [stdout] 
[INFO] [stderr] error: build failed
[INFO] running `Command { std: "docker" "inspect" "a8766f5fed8fee6e8cd796803a3e45b33b0f6c64a45e532437f415f410ee4f07", kill_on_drop: false }`
[INFO] running `Command { std: "docker" "rm" "-f" "a8766f5fed8fee6e8cd796803a3e45b33b0f6c64a45e532437f415f410ee4f07", kill_on_drop: false }`
[INFO] [stdout] a8766f5fed8fee6e8cd796803a3e45b33b0f6c64a45e532437f415f410ee4f07
